 + 71*d. What is the highest common factor of d and 90?
30
Suppose 0 = -4*s + 2*s - 4, -2*h - 5*s = -1930. Let y be 11/(231/(-6)) + h/14. Calculate the greatest common divisor of y and 115.
23
Let j(v) = -42*v**3 - v**2. Let o be j(-1). Suppose 5*b = x + 3282, -5*x + 253 = -b + 919. Calculate the greatest common factor of b and o.
41
Suppose 4*l + 11*i + 44122 = 112930, 0 = -3*l - 2*i + 51631. Calculate the greatest common factor of l and 7.
7
Suppose -2*k + 191 = -139. Let v = -52076 + 52175. Calculate the highest common divisor of k and v.
33
Let m = 354 + -310. Let s(k) = k**2 - 20*k - 64. Let g be s(m). What is the greatest common factor of g and 31?
31
Let p be 2/4*(19 - 19). Suppose 4*l - l - 240 = p. Suppose -4*m + 33 + 7 = 0. Calculate the highest common divisor of m and l.
10
Suppose -2*v + 3*l - 4901 = -17672, -12768 = -2*v + 4*l. Calculate the greatest common factor of v and 360.
90
Suppose -185 = -2*z + 3*j, -11*j + 7*j - 278 = -3*z. Calculate the greatest common divisor of z and 1081.
47
Let y(x) = -50*x**3 - x**2 - 44*x - 95. Let w be y(-3). What is the greatest common factor of 78 and w?
26
Let d = -94 - -416. Suppose 2*f = -y - 0*y + 22, 0 = -2*y - 2*f + 36. What is the highest common factor of d and y?
14
Let k be 18/2*210/9. Let u(l) be the first derivative of -10*l**2 - 118*l + 56. Let q be u(-8). Calculate the highest common factor of q and k.
42
Suppose 4*w - 19388 = -2*q + 6*q, -3*q - 19392 = -4*w. What is the highest common divisor of 147 and w?
147
Suppose 5*v = 5*s - 385, -7*s = -12*s + v + 405. Suppose 12 = -5*r + s. Calculate the greatest common factor of 70 and r.
14
Suppose -25*c + 292 = -27*c. Let f = 43 - c. Calculate the greatest common factor of 27 and f.
27
Suppose 2*s - 4*b = -24, 0 = -s - 5*b - 29 - 11. Let d be (-26)/(-10) + (-8)/s. Calculate the greatest common factor of 33 and d.
3
Let j(a) = a**3 - 10*a**2 - a + 11. Let k be j(10). Let v be (-2)/(3 - k) + (-189)/(-7). What is the greatest common divisor of 117 and v?
13
Suppose 5*z = -5*z + 1300. Let p = -24 + 41. Let h = -7 + p. What is the highest common factor of z and h?
10
Let o(f) = -139*f - 780. Let n be o(-6). What is the highest common divisor of n and 576?
18
Let a(t) = -2*t**2 + 24*t - 7. Let p be a(11). Let v be (-2 + 8/(-6))/(p/(-45)). Calculate the highest common factor of v and 50.
10
Suppose 0 = 4*l - 216 - 356. Let f = 666 - 653. What is the greatest common factor of f and l?
13
Let c = 25 + -26. Let r be (-4 - c)/(-2*6/272). Let q = 16 + -12. Calculate the highest common factor of q and r.
4
Suppose 5 + 11 = c. Suppose -l + 293 = 3*v - 8, 0 = l - 5*v - 309. What is the greatest common divisor of l and c?
16
Let y = -281 + -641. Let m = y + 1725. Calculate the highest common divisor of m and 11.
11
Suppose 16*q - 180502 = 105587 - 62985. What is the greatest common divisor of q and 166?
166
Let s be 1*(-1 + 1*16). Let d = 1473 + -798. Suppose d = 58*v - 49*v. Calculate the highest common divisor of s and v.
15
Let j(i) = -10*i + 1423 - 4*i - 1449 + i. Let k be j(-3). Suppose 3*r + 2*r = 65. What is the highest common factor of k and r?
13
Suppose -61*h = -21*h - 231240. Calculate the highest common factor of h and 141.
141
Let i = 86 - 86. Suppose -23*t + 33*t - 110 = i. Let l(j) = 2*j**2 - 21*j + 59. Let g be l(t). What is the greatest common factor of g and 10?
10
Let f(g) = -g**3 - 8*g**2 - 12*g. Let i be f(-6). Suppose i = -q + 33 - 166. Let n be q/(-5) + (-24)/(-60). What is the greatest common divisor of n and 297?
27
Let k = -431 + 436. Suppose 3*f = -l - 2*f + 237, -k*l + 1243 = -4*f. What is the highest common divisor of l and 76?
19
Suppose -132*s = -17*s - 149040. Calculate the highest common divisor of 243 and s.
81
Suppose -3*a = -2*n + 119 - 14, 275 = 5*n - 5*a. Let o = n + -30. Calculate the greatest common divisor of 285 and o.
15
Let r(c) = 2*c**2 - 23*c - 1472. Let q be r(-32). Calculate the highest common divisor of 82 and q.
82
Let m = 239 + -103. Let k(c) = -75*c + 983. Let u be k(13). Calculate the highest common factor of u and m.
8
Let h(m) = 21*m + 1141. Let p be h(-33). Calculate the greatest common divisor of 352 and p.
32
Let k = -1169 - -1189. Suppose 3*q + 4 - 28 = 0. Calculate the greatest common factor of q and k.
4
Let v be (920/(-30))/(-23)*(-27)/(-2). Calculate the greatest common factor of 954 and v.
18
Let w = -847 - -851. Suppose -w*j + 348 = -3*r, -r + 189 = 5*j - 265. What is the greatest common divisor of 25 and j?
5
Let d be (-112972782)/(-2366) + (-6)/14. What is the highest common divisor of 276 and d?
276
Let b = -2188 + 5686. Calculate the greatest common divisor of b and 66.
66
Suppose 3*y - 11 = -5. Let r be y/(-12) + 169/6. Let v = 2390 - 2362. Calculate the greatest common divisor of v and r.
28
Suppose 2*p + 88 = 4*u, -2*u + 0*p - 3*p + 44 = 0. Let a = -1 + 3. What is the highest common divisor of u and a?
2
Suppose -4350 = 5*l - 4715. What is the highest common factor of l and 6?
1
Let x(h) = h**2 - 9*h + 48. Let c be x(3). Suppose 3*v - 4*v + 25 = 0. Let o = 45 - v. What is the highest common factor of c and o?
10
Let h = 24 - 18. Let q(s) = h - 49*s + 3 + 47*s. Let y be q(-7). What is the greatest common factor of y and 23?
23
Let a be (186*(-8)/(-48))/((-1)/(-1)). What is the highest common factor of a and 1333?
31
Suppose 16*n = 7*n - 36. Let j be ((-48)/n)/(4/6) - 0. Suppose j*c = 7*c + 121. What is the greatest common factor of 11 and c?
11
Suppose -4*x + 540 = -228. Suppose 6*l = -4*m + 2*l + x, 2*m - 111 = l. Let z = 118 - m. What is the greatest common factor of 13 and z?
13
Let u = 7 + -4. Suppose 4*n = 3*n + 2*v + 10, -5*n + 37 = 3*v. Let b be (-1096)/(-92) + n/92. Calculate the greatest common factor of u and b.
3
Suppose 12*p + p + 9*p - 28820 = 0. Calculate the highest common factor of p and 55.
5
Suppose p + 2*v - 19 = 0, -4*v + 2 = p - 15. Let j be ((-18504)/p)/(-8) + (-1)/7. What is the greatest common factor of j and 55?
55
Let h(n) = 23 - n**2 + 19*n + 13*n**2 - 5*n**2 - 6*n**2. Let f be h(-16). Let w be f/(-5) + -2 - 24/(-1). Calculate the highest common divisor of w and 18.
9
Let w(q) = -110*q - 5506. Let m be w(-74). Calculate the highest common factor of 30 and m.
6
Let k(z) = 3*z**2 - 13*z - 8. Suppose q - 6 = -7*o + 10*o, q + 2*o - 6 = 0. Let u be k(q). Calculate the highest common divisor of 99 and u.
11
Let k = 54 + -30. Suppose -2*n = k + 30. Let u = -5 - n. What is the highest common factor of u and 33?
11
Let h = 14 + 5. Let p(i) = 190*i**2 - 3*i - 3. Suppose -2*w + 2 = 2*n, 3 = 3*n - 3. Let s be p(w). Calculate the highest common divisor of h and s.
19
Suppose -33*f + 174*f = 55*f + 9460. Suppose 37 = z + m + 12, 91 = 4*z + m. Calculate the greatest common factor of f and z.
22
Let z = -154 + 168. Let a be 1*178/z - 2/(-7). Suppose 90 + 27 = 3*t. Calculate the greatest common divisor of t and a.
13
Let u(g) = -281*g + 2399. Let v be u(7). Let f(h) = h**2 - 6*h + 8. Let r be f(10). Calculate the greatest common divisor of r and v.
48
Suppose 130*j = 127*j - 528. Let z = j + 183. Calculate the highest common divisor of 189 and z.
7
Let l = -14120 - -14675. What is the greatest common factor of 480 and l?
15
Suppose 40*z - 1732 = -3*a + 38*z, -2*z = 8. What is the greatest common factor of 725 and a?
145
Let i(w) = -91*w - 1244. Let r be i(-14). Let h = 346 + -226. What is the highest common divisor of r and h?
30
Suppose d - 229 = 4*r, -4*d + 20*r = 24*r - 896. Calculate the greatest common divisor of 1065 and d.
15
Suppose -21*g = -8082 - 46455. Calculate the highest common factor of g and 212.
53
Let t(u) = -u**3 + 8*u**2 - u + 5. Let a be t(8). Let c be (-91)/(a/(-2 - -5)) - 1. Let x be (-9)/(-6)*2*30/9. Calculate the greatest common divisor of c and x.
10
Let u = -37 + 70. Let p be -1*(110/(-15))/11 - (-50)/6. What is the highest common factor of p and u?
3
Let c be -33 - 454 - (7 + 1). Let a = -413 - c. Calculate the highest common divisor of 738 and a.
82
Let h(z) be the second derivative of 0 + 1/20*z**5 - 3*z**2 - 3*z**3 + 13/12*z**4 + 7*z. Let w be h(-14). Calculate the greatest common divisor of 10 and w.
10
Suppose -t = -5*s - 81, -5*t + s + 296 = -61. Let i = t - 36. Let r = -277 - -291. What is the highest common divisor of r and i?
7
Suppo